[INFO] cloning repository https://github.com/yjkimjunior/Origin-Substrate
[INFO] running `Command { std: "git" "-c" "credential.helper=" "-c" "credential.helper=/workspace/cargo-home/bin/git-credential-null" "clone" "--bare" "https://github.com/yjkimjunior/Origin-Substrate" "/workspace/cache/git-repos/https%3A%2F%2Fgithub.com%2Fyjkimjunior%2FOrigin-Substrate", kill_on_drop: false }`
[INFO] [stderr] Cloning into bare repository '/workspace/cache/git-repos/https%3A%2F%2Fgithub.com%2Fyjkimjunior%2FOrigin-Substrate'...
[INFO] running `Command { std: "git" "rev-parse" "HEAD", kill_on_drop: false }`
[INFO] [stdout] e8a748e1fdadb6a4bc5cdd51a7158676df19b82c
[INFO] checking yjkimjunior/Origin-Substrate against master#af3c6e733a40e671550e0f0f5aeecaa13772ba56 for pr-74989
[INFO] running `Command { std: "git" "clone" "/workspace/cache/git-repos/https%3A%2F%2Fgithub.com%2Fyjkimjunior%2FOrigin-Substrate" "/workspace/builds/worker-4/source", kill_on_drop: false }`
[INFO] [stderr] Cloning into '/workspace/builds/worker-4/source'...
[INFO] [stderr] done.
[INFO] validating manifest of git repo https://github.com/yjkimjunior/Origin-Substrate on toolchain af3c6e733a40e671550e0f0f5aeecaa13772ba56
[INFO] running `Command { std: "/workspace/cargo-home/bin/cargo" "+af3c6e733a40e671550e0f0f5aeecaa13772ba56" "read-manifest" "--manifest-path" "Cargo.toml", kill_on_drop: false }`
[INFO] started tweaking git repo https://github.com/yjkimjunior/Origin-Substrate
[INFO] removed path dependency runtime from git repo https://github.com/yjkimjunior/Origin-Substrate
[INFO] finished tweaking git repo https://github.com/yjkimjunior/Origin-Substrate
[INFO] tweaked toml for git repo https://github.com/yjkimjunior/Origin-Substrate written to /workspace/builds/worker-4/source/Cargo.toml
[INFO] crate git repo https://github.com/yjkimjunior/Origin-Substrate already has a lockfile, it will not be regenerated
[INFO] running `Command { std: "/workspace/cargo-home/bin/cargo" "+af3c6e733a40e671550e0f0f5aeecaa13772ba56" "fetch" "--locked" "--manifest-path" "Cargo.toml", kill_on_drop: false }`
[INFO] [stderr] warning: dependency (runtime) specified without providing a local path, Git repository, or version to use. This will be considered an error in future versions
[INFO] [stderr]     Blocking waiting for file lock on package cache
[INFO] [stderr]     Updating crates.io index
[INFO] [stderr] error: the lock file /workspace/builds/worker-4/source/Cargo.lock needs to be updated but --locked was passed to prevent this
[INFO] [stderr] If you want to try to generate the lock file without accessing the network, use the --offline flag.
[INFO] the lockfile is outdated, regenerating it
[INFO] running `Command { std: "/workspace/cargo-home/bin/cargo" "+af3c6e733a40e671550e0f0f5aeecaa13772ba56" "generate-lockfile" "--manifest-path" "Cargo.toml" "-Zno-index-update", kill_on_drop: false }`
[INFO] [stderr]     Blocking waiting for file lock on package cache
[INFO] [stderr]     Updating git repository `https://github.com/paritytech/substrate.git`
[INFO] [stderr]     Updating git repository `https://github.com/paritytech/parity-common`
[INFO] [stderr]     Updating git repository `https://github.com/paritytech/slog-async`
[INFO] running `Command { std: "/workspace/cargo-home/bin/cargo" "+af3c6e733a40e671550e0f0f5aeecaa13772ba56" "fetch" "--locked" "--manifest-path" "Cargo.toml", kill_on_drop: false }`
[INFO] [stderr] warning: dependency (runtime) specified without providing a local path, Git repository, or version to use. This will be considered an error in future versions
[INFO] [stderr]     Blocking waiting for file lock on package cache
[INFO] [stderr]     Blocking waiting for file lock on package cache
[INFO] running `Command { std: "docker" "create" "-v" "/var/lib/crater-agent-workspace/builds/worker-4/target:/opt/rustwide/target:rw,Z" "-v" "/var/lib/crater-agent-workspace/builds/worker-4/source:/opt/rustwide/workdir:ro,Z" "-v" "/var/lib/crater-agent-workspace/cargo-home:/opt/rustwide/cargo-home:ro,Z" "-v" "/var/lib/crater-agent-workspace/rustup-home:/opt/rustwide/rustup-home:ro,Z" "-e" "SOURCE_DIR=/opt/rustwide/workdir" "-e" "CARGO_TARGET_DIR=/opt/rustwide/target" "-e" "CARGO_HOME=/opt/rustwide/cargo-home" "-e" "RUSTUP_HOME=/opt/rustwide/rustup-home" "-w" "/opt/rustwide/workdir" "-m" "1610612736" "--user" "0:0" "--network" "none" "rustops/crates-build-env@sha256:d92eaeed33fa75130ca1ee6c8a01d1ffb62bac859dfdfb3450e3e5d1c0146529" "/opt/rustwide/cargo-home/bin/cargo" "+af3c6e733a40e671550e0f0f5aeecaa13772ba56" "metadata" "--no-deps" "--format-version=1", kill_on_drop: false }`
[INFO] [stdout] f66a8fae4b315f858916350673e1f23b3b40c7a020359a28ed4c43c2907e345a
[INFO] [stderr] WARNING: Your kernel does not support swap limit capabilities or the cgroup is not mounted. Memory limited without swap.
[INFO] running `Command { std: "docker" "start" "-a" "f66a8fae4b315f858916350673e1f23b3b40c7a020359a28ed4c43c2907e345a", kill_on_drop: false }`
[INFO] running `Command { std: "docker" "inspect" "f66a8fae4b315f858916350673e1f23b3b40c7a020359a28ed4c43c2907e345a", kill_on_drop: false }`
[INFO] running `Command { std: "docker" "rm" "-f" "f66a8fae4b315f858916350673e1f23b3b40c7a020359a28ed4c43c2907e345a", kill_on_drop: false }`
[INFO] [stdout] f66a8fae4b315f858916350673e1f23b3b40c7a020359a28ed4c43c2907e345a
[INFO] running `Command { std: "docker" "create" "-v" "/var/lib/crater-agent-workspace/builds/worker-4/target:/opt/rustwide/target:rw,Z" "-v" "/var/lib/crater-agent-workspace/builds/worker-4/source:/opt/rustwide/workdir:ro,Z" "-v" "/var/lib/crater-agent-workspace/cargo-home:/opt/rustwide/cargo-home:ro,Z" "-v" "/var/lib/crater-agent-workspace/rustup-home:/opt/rustwide/rustup-home:ro,Z" "-e" "SOURCE_DIR=/opt/rustwide/workdir" "-e" "CARGO_TARGET_DIR=/opt/rustwide/target" "-e" "CARGO_INCREMENTAL=0" "-e" "RUST_BACKTRACE=full" "-e" "RUSTFLAGS=--cap-lints=forbid" "-e" "CARGO_HOME=/opt/rustwide/cargo-home" "-e" "RUSTUP_HOME=/opt/rustwide/rustup-home" "-w" "/opt/rustwide/workdir" "-m" "1610612736" "--user" "0:0" "--network" "none" "rustops/crates-build-env@sha256:d92eaeed33fa75130ca1ee6c8a01d1ffb62bac859dfdfb3450e3e5d1c0146529" "/opt/rustwide/cargo-home/bin/cargo" "+af3c6e733a40e671550e0f0f5aeecaa13772ba56" "check" "--frozen" "--all" "--all-targets" "--message-format=json", kill_on_drop: false }`
[INFO] [stdout] a2c7276577b55466ea19d11f6541668acfaa5eff65fd35e43b8209b34eea125e
[INFO] [stderr] WARNING: Your kernel does not support swap limit capabilities or the cgroup is not mounted. Memory limited without swap.
[INFO] running `Command { std: "docker" "start" "-a" "a2c7276577b55466ea19d11f6541668acfaa5eff65fd35e43b8209b34eea125e", kill_on_drop: false }`
[INFO] [stderr] warning: dependency (runtime) specified without providing a local path, Git repository, or version to use. This will be considered an error in future versions
[INFO] [stderr]    Compiling libc v0.2.77
[INFO] [stderr]     Checking cfg-if v0.1.10
[INFO] [stderr]    Compiling autocfg v1.0.1
[INFO] [stderr]    Compiling proc-macro2 v1.0.21
[INFO] [stderr]    Compiling unicode-xid v0.2.1
[INFO] [stderr]    Compiling syn v1.0.41
[INFO] [stderr]    Compiling byteorder v1.3.4
[INFO] [stderr]    Compiling log v0.4.11
[INFO] [stderr]    Compiling semver-parser v0.7.0
[INFO] [stderr]    Compiling maybe-uninit v2.0.0
[INFO] [stderr]    Compiling typenum v1.12.0
[INFO] [stderr]     Checking either v1.6.0
[INFO] [stderr]    Compiling serde_derive v1.0.116
[INFO] [stderr]     Checking lazy_static v1.4.0
[INFO] [stderr]    Compiling serde v1.0.116
[INFO] [stderr]     Checking scopeguard v1.1.0
[INFO] [stderr]    Compiling getrandom v0.1.15
[INFO] [stderr]     Checking futures v0.1.29
[INFO] [stderr]    Compiling memchr v2.3.3
[INFO] [stderr]     Checking rand_core v0.4.2
[INFO] [stderr]     Checking opaque-debug v0.2.3
[INFO] [stderr]     Checking ppv-lite86 v0.2.9
[INFO] [stderr]    Compiling failure_derive v0.1.8
[INFO] [stderr]     Checking byte-tools v0.3.1
[INFO] [stderr]    Compiling autocfg v0.1.7
[INFO] [stderr]     Checking subtle v1.0.0
[INFO] [stderr]     Checking fake-simd v0.1.2
[INFO] [stderr]     Checking adler v0.2.3
[INFO] [stderr]     Checking gimli v0.22.0
[INFO] [stderr]     Checking rustc-demangle v0.1.16
[INFO] [stderr]     Checking object v0.20.0
[INFO] [stderr]     Checking subtle v2.3.0
[INFO] [stderr]    Compiling crunchy v0.2.2
[INFO] [stderr]     Checking keccak v0.1.0
[INFO] [stderr]     Checking arrayref v0.3.6
[INFO] [stderr]    Compiling regex-syntax v0.6.18
[INFO] [stderr]     Checking arrayvec v0.5.1
[INFO] [stderr]    Compiling version_check v0.9.2
[INFO] [stderr]    Compiling proc-macro-hack v0.5.18
[INFO] [stderr]     Checking stable_deref_trait v1.2.0
[INFO] [stderr]     Checking static_assertions v1.1.0
[INFO] [stderr]    Compiling proc-macro2 v0.4.30
[INFO] [stderr]     Checking radium v0.3.0
[INFO] [stderr]     Checking rustc-hex v2.1.0
[INFO] [stderr]    Compiling unicode-xid v0.1.0
[INFO] [stderr]     Checking byte-slice-cast v0.3.5
[INFO] [stderr]    Compiling arrayvec v0.4.12
[INFO] [stderr]     Checking fnv v1.0.7
[INFO] [stderr]     Checking parity-wasm v0.40.3
[INFO] [stderr]     Checking sr-std v2.0.0 (https://github.com/paritytech/substrate.git?rev=d2c4b0dbd89d9588adcbe97320e27f49ee251411#d2c4b0db)
[INFO] [stderr]     Checking hash-db v0.15.2
[INFO] [stderr]     Checking memory_units v0.3.0
[INFO] [stderr]     Checking environmental v1.1.1
[INFO] [stderr]     Checking nodrop v0.1.14
[INFO] [stderr]     Checking once_cell v1.4.1
[INFO] [stderr]    Compiling heapsize v0.4.2
[INFO] [stderr]     Checking zeroize v0.9.3
[INFO] [stderr]     Checking constant_time_eq v0.1.5
[INFO] [stderr]    Compiling syn v0.15.44
[INFO] [stderr]     Checking hex v0.4.2
[INFO] [stderr]     Checking matches v0.1.8
[INFO] [stderr]     Checking base58 v0.1.0
[INFO] [stderr]     Checking zeroize v0.10.1
[INFO] [stderr]     Checking untrusted v0.7.1
[INFO] [stderr]     Checking quick-error v1.2.3
[INFO] [stderr]     Checking itoa v0.4.6
[INFO] [stderr]    Compiling protobuf v2.8.1
[INFO] [stderr]     Checking signature v1.2.2
[INFO] [stderr]     Checking unsigned-varint v0.3.3
[INFO] [stderr]     Checking bytes v0.5.6
[INFO] [stderr]     Checking cpuid-bool v0.1.2
[INFO] [stderr]     Checking opaque-debug v0.3.0
[INFO] [stderr]     Checking void v1.0.2
[INFO] [stderr]     Checking data-encoding v2.3.0
[INFO] [stderr]     Checking bs58 v0.3.1
[INFO] [stderr]     Checking pin-utils v0.1.0
[INFO] [stderr]    Compiling ryu v1.0.5
[INFO] [stderr]     Checking futures-sink-preview v0.3.0-alpha.19
[INFO] [stderr]     Checking futures-core-preview v0.3.0-alpha.19
[INFO] [stderr]    Compiling serde_json v1.0.57
[INFO] [stderr]     Checking futures-io-preview v0.3.0-alpha.19
[INFO] [stderr]    Compiling httparse v1.3.4
[INFO] [stderr]    Compiling wasm-bindgen-shared v0.2.68
[INFO] [stderr]    Compiling bitflags v1.2.1
[INFO] [stderr]    Compiling bumpalo v3.4.0
[INFO] [stderr]    Compiling crc32fast v1.2.0
[INFO] [stderr]    Compiling wasm-bindgen v0.2.68
[INFO] [stderr]     Checking byteorder v0.5.3
[INFO] [stderr]     Checking sha1 v0.6.0
[INFO] [stderr]     Checking nohash-hasher v0.1.3
[INFO] [stderr]    Compiling slog v2.5.2
[INFO] [stderr]     Checking c_linked_list v1.1.1
[INFO] [stderr]     Checking parity-send-wrapper v0.1.0
[INFO] [stderr]     Checking ipnet v2.3.0
[INFO] [stderr]     Checking linked-hash-map v0.5.3
[INFO] [stderr]     Checking parity-bytes v0.1.0 (https://github.com/paritytech/parity-common?rev=b0317f649ab2c665b7987b8475878fc4d2e1f81d#b0317f64)
[INFO] [stderr]     Checking arc-swap v0.4.7
[INFO] [stderr]     Checking take_mut v0.2.2
[INFO] [stderr]     Checking strum v0.15.0
[INFO] [stderr]    Compiling pin-project-internal v0.4.23
[INFO] [stderr]     Checking smallvec v1.4.2
[INFO] [stderr]    Compiling unicode-width v0.1.8
[INFO] [stderr]    Compiling proc-macro-nested v0.1.6
[INFO] [stderr]    Compiling substrate-consensus-slots v2.0.0 (https://github.com/paritytech/substrate.git?rev=d2c4b0dbd89d9588adcbe97320e27f49ee251411#d2c4b0db)
[INFO] [stderr]    Compiling vec_map v0.8.2
[INFO] [stderr]    Compiling termcolor v1.1.0
[INFO] [stderr]    Compiling bindgen v0.47.3
[INFO] [stderr]     Checking futures-core v0.3.5
[INFO] [stderr]     Checking futures-sink v0.3.5
[INFO] [stderr]    Compiling strsim v0.8.0
[INFO] [stderr]    Compiling scopeguard v0.3.3
[INFO] [stderr]    Compiling ansi_term v0.11.0
[INFO] [stderr]     Checking hashbrown v0.9.0
[INFO] [stderr]     Checking futures-io v0.3.5
[INFO] [stderr]    Compiling peeking_take_while v0.1.2
[INFO] [stderr]     Checking try-lock v0.2.3
[INFO] [stderr]     Checking bitmask v0.5.0
[INFO] [stderr]     Checking once_cell v0.2.4
[INFO] [stderr]     Checking hex v0.3.2
[INFO] [stderr]     Checking safe-mix v1.0.1
[INFO] [stderr]    Compiling rayon-core v1.8.0
[INFO] [stderr]     Checking lazycell v1.3.0
[INFO] [stderr]    Compiling doc-comment v0.3.3
[INFO] [stderr]     Checking interleaved-ordered v0.1.1
[INFO] [stderr]    Compiling sysinfo v0.9.6
[INFO] [stderr]     Checking bs58 v0.2.5
[INFO] [stderr]    Compiling names v0.11.0
[INFO] [stderr]     Checking async-datagram v3.0.0
[INFO] [stderr]    Compiling nix v0.17.0
[INFO] [stderr]     Checking async-ready v3.0.0
[INFO] [stderr]    Compiling substrate-build-script-utils v2.0.0 (https://github.com/paritytech/substrate.git?rev=d2c4b0dbd89d9588adcbe97320e27f49ee251411#d2c4b0db)
[INFO] [stderr]     Checking target_info v0.1.0
[INFO] [stderr]     Checking ansi_term v0.12.1
[INFO] [stderr]     Checking thread_local v1.0.1
[INFO] [stderr]     Checking crossbeam-utils v0.6.6
[INFO] [stderr]     Checking thread_local v0.3.6
[INFO] [stderr]     Checking lock_api v0.3.4
[INFO] [stderr]     Checking lock_api v0.2.0
[INFO] [stderr]    Compiling semver v0.9.0
[INFO] [stderr]     Checking block-padding v0.1.5
[INFO] [stderr]     Checking rand_core v0.3.1
[INFO] [stderr]     Checking rand_jitter v0.1.4
[INFO] [stderr]    Compiling miniz_oxide v0.4.2
[INFO] [stderr]    Compiling num-traits v0.2.12
[INFO] [stderr]    Compiling crossbeam-utils v0.7.2
[INFO] [stderr]    Compiling num-integer v0.1.43
[INFO] [stderr]    Compiling num-bigint v0.2.6
[INFO] [stderr]    Compiling num-rational v0.2.4
[INFO] [stderr]    Compiling memoffset v0.5.5
[INFO] [stderr]    Compiling crossbeam-epoch v0.8.2
[INFO] [stderr]    Compiling indexmap v1.6.0
[INFO] [stderr]    Compiling rayon v1.4.0
[INFO] [stderr]     Checking owning_ref v0.4.1
[INFO] [stderr]    Compiling rand_pcg v0.1.2
[INFO] [stderr]    Compiling rand_chacha v0.1.1
[INFO] [stderr]    Compiling rand v0.6.5
[INFO] [stderr]    Compiling hashbrown v0.6.3
[INFO] [stderr]     Checking bitvec v0.17.4
[INFO] [stderr]     Checking trie-root v0.15.2
[INFO] [stderr]    Compiling generic-array v0.14.4
[INFO] [stderr]    Compiling unicase v2.6.0
[INFO] [stderr]    Compiling proc-macro-error-attr v1.0.4
[INFO] [stderr]    Compiling proc-macro-error v1.0.4
[INFO] [stderr]     Checking unicode-normalization v0.1.13
[INFO] [stderr]     Checking futures-task v0.3.5
[INFO] [stderr]     Checking unicode-bidi v0.3.4
[INFO] [stderr]     Checking humantime v1.3.0
[INFO] [stderr]     Checking tokio-sync v0.1.8
[INFO] [stderr]     Checking ed25519 v1.0.2
[INFO] [stderr]     Checking futures-channel-preview v0.3.0-alpha.19
[INFO] [stderr]    Compiling paste-impl v0.1.18
[INFO] [stderr]    Compiling hex-literal-impl v0.2.2
[INFO] [stderr]    Compiling nom v4.2.3
[INFO] [stderr]    Compiling clang-sys v0.26.4
[INFO] [stderr]     Checking lru-cache v0.1.2
[INFO] [stderr]     Checking linked_hash_set v0.1.4
[INFO] [stderr]    Compiling textwrap v0.11.0
[INFO] [stderr]     Checking wasmi-validation v0.2.0
[INFO] [stderr]     Checking futures-channel v0.3.5
[INFO] [stderr]     Checking app_dirs v1.2.1
[INFO] [stderr]     Checking addr2line v0.13.0
[INFO] [stderr]     Checking rand_isaac v0.1.1
[INFO] [stderr]     Checking rand_xorshift v0.1.1
[INFO] [stderr]     Checking rand_hc v0.1.0
[INFO] [stderr]     Checking crossbeam-channel v0.3.9
[INFO] [stderr]    Compiling rustc_version v0.2.3
[INFO] [stderr]     Checking lock_api v0.1.5
[INFO] [stderr]     Checking want v0.2.0
[INFO] [stderr]     Checking smallvec v0.6.13
[INFO] [stderr]     Checking hex-literal v0.2.1
[INFO] [stderr]     Checking aho-corasick v0.7.13
[INFO] [stderr]     Checking futures-util-preview v0.3.0-alpha.19
[INFO] [stderr]     Checking bstr v0.2.13
[INFO] [stderr]     Checking idna v0.2.0
[INFO] [stderr]     Checking idna v0.1.5
[INFO] [stderr]     Checking paste v0.1.18
[INFO] [stderr]     Checking hashbrown v0.1.8
[INFO] [stderr]     Checking base64 v0.10.1
[INFO] [stderr]     Checking dns-parser v0.8.0
[INFO] [stderr]     Checking uint v0.8.5
[INFO] [stderr]     Checking hash256-std-hasher v0.15.2
[INFO] [stderr]     Checking tiny-keccak v1.5.0
[INFO] [stderr]    Compiling quote v1.0.7
[INFO] [stderr]    Compiling parking_lot_core v0.6.2
[INFO] [stderr]    Compiling parking_lot v0.9.0
[INFO] [stderr]    Compiling parking_lot_core v0.4.0
[INFO] [stderr]    Compiling parking_lot_core v0.5.0
[INFO] [stderr]    Compiling parking_lot v0.8.0
[INFO] [stderr]    Compiling snow v0.6.2
[INFO] [stderr]    Compiling parking_lot_core v0.3.1
[INFO] [stderr]    Compiling hyper v0.12.35
[INFO] [stderr]     Checking elastic-array v0.10.3
[INFO] [stderr]     Checking blake2-rfc v0.2.18
[INFO] [stderr]    Compiling quote v0.6.13
[INFO] [stderr]     Checking generic-array v0.12.3
[INFO] [stderr]     Checking url v2.1.1
[INFO] [stderr]     Checking url v1.7.2
[INFO] [stderr]     Checking iovec v0.1.4
[INFO] [stderr]     Checking rand_os v0.1.3
[INFO] [stderr]     Checking num_cpus v1.13.0
[INFO] [stderr]     Checking net2 v0.2.35
[INFO] [stderr]     Checking rand v0.4.6
[INFO] [stderr]     Checking time v0.1.44
[INFO] [stderr]     Checking get_if_addrs v0.5.3
[INFO] [stderr]     Checking parking_lot_core v0.7.2
[INFO] [stderr]     Checking rand v0.5.6
[INFO] [stderr]     Checking fs-swap v0.2.4
[INFO] [stderr]     Checking atty v0.2.14
[INFO] [stderr]     Checking rpassword v4.0.5
[INFO] [stderr]     Checking fdlimit v0.1.4
[INFO] [stderr]    Compiling jobserver v0.1.21
[INFO] [stderr]     Checking tokio-executor v0.1.10
[INFO] [stderr]     Checking crossbeam-queue v0.2.3
[INFO] [stderr]     Checking crossbeam-channel v0.4.4
[INFO] [stderr]     Checking regex v1.3.9
[INFO] [stderr]     Checking backtrace v0.3.50
[INFO] [stderr]     Checking integer-sqrt v0.1.5
[INFO] [stderr]     Checking kvdb v0.1.0 (https://github.com/paritytech/parity-common?rev=b0317f649ab2c665b7987b8475878fc4d2e1f81d#b0317f64)
[INFO] [stderr]     Checking digest v0.8.1
[INFO] [stderr]     Checking block-buffer v0.7.3
[INFO] [stderr]     Checking crypto-mac v0.7.0
[INFO] [stderr]     Checking block-cipher-trait v0.6.2
[INFO] [stderr]     Checking stream-cipher v0.3.2
[INFO] [stderr]     Checking bytes v0.4.12
[INFO] [stderr]     Checking digest v0.9.0
[INFO] [stderr]     Checking block-buffer v0.9.0
[INFO] [stderr]     Checking rand_core v0.5.1
[INFO] [stderr]     Checking futures-cpupool v0.1.8
[INFO] [stderr]     Checking threadpool v1.8.1
[INFO] [stderr]     Checking mio v0.6.22
[INFO] [stderr]     Checking clap v2.33.3
[INFO] [stderr]     Checking parking_lot v0.10.2
[INFO] [stderr]    Compiling cexpr v0.3.6
[INFO] [stderr]     Checking futures-executor-preview v0.3.0-alpha.19
[INFO] [stderr]     Checking futures-timer v0.4.0
[INFO] [stderr]    Compiling cc v1.0.59
[INFO] [stderr]     Checking tokio-timer v0.2.13
[INFO] [stderr]     Checking tokio-current-thread v0.1.7
[INFO] [stderr]    Compiling const-random-macro v0.1.8
[INFO] [stderr]     Checking crossbeam-deque v0.7.3
[INFO] [stderr]     Checking rand v0.3.23
[INFO] [stderr]     Checking substrate-panic-handler v2.0.0 (https://github.com/paritytech/substrate.git?rev=d2c4b0dbd89d9588adcbe97320e27f49ee251411#d2c4b0db)
[INFO] [stderr]     Checking sha2 v0.8.2
[INFO] [stderr]     Checking sha-1 v0.8.2
[INFO] [stderr]     Checking sha3 v0.8.2
[INFO] [stderr]     Checking aes-soft v0.3.3
[INFO] [stderr]     Checking twofish v0.2.0
[INFO] [stderr]     Checking hmac v0.7.1
[INFO] [stderr]     Checking pbkdf2 v0.3.0
[INFO] [stderr]     Checking blake2 v0.8.1
[INFO] [stderr]     Checking ctr v0.3.2
[INFO] [stderr]     Checking chrono v0.4.15
[INFO] [stderr]     Checking sha2 v0.9.1
[INFO] [stderr]     Checking rand_chacha v0.2.2
[INFO] [stderr]     Checking tokio-io v0.1.13
[INFO] [stderr]     Checking http v0.1.21
[INFO] [stderr]     Checking tokio-buf v0.1.1
[INFO] [stderr]     Checking string v0.2.1
[INFO] [stderr]     Checking futures-preview v0.3.0-alpha.19
[INFO] [stderr]     Checking globset v0.4.5
[INFO] [stderr]     Checking env_logger v0.7.1
[INFO] [stderr]     Checking wasm-timer v0.1.3
[INFO] [stderr]     Checking mio-uds v0.6.8
[INFO] [stderr]     Checking mio-extras v2.0.6
[INFO] [stderr]     Checking cuckoofilter v0.3.2
[INFO] [stderr]     Checking tokio-threadpool v0.1.18
[INFO] [stderr]     Checking crossbeam v0.7.3
[INFO] [stderr]     Checking parking_lot v0.6.4
[INFO] [stderr]    Compiling Inflector v0.11.4
[INFO] [stderr]    Compiling env_logger v0.6.2
[INFO] [stderr]     Checking hmac-drbg v0.2.0
[INFO] [stderr]     Checking aes-ctr v0.3.0
[INFO] [stderr]     Checking const-random v0.1.8
[INFO] [stderr]     Checking rand v0.7.3
[INFO] [stderr]     Checking tokio-codec v0.1.2
[INFO] [stderr]     Checking rw-stream-sink v0.1.2
[INFO] [stderr]     Checking runtime-raw v0.3.0-alpha.5
[INFO] [stderr]     Checking futures-timer v0.3.0
[INFO] [stderr]    Compiling clear_on_drop v0.2.4
[INFO] [stderr]    Compiling ring v0.16.15
[INFO] [stderr]    Compiling libz-sys v1.1.2
[INFO] [stderr]    Compiling libloading v0.5.2
[INFO] [stderr]     Checking juliex v0.3.0-alpha.8
[INFO] [stderr]     Checking parking_lot v0.7.1
[INFO] [stderr]     Checking kvdb-memorydb v0.1.0 (https://github.com/paritytech/parity-common?rev=b0317f649ab2c665b7987b8475878fc4d2e1f81d#b0317f64)
[INFO] [stderr]     Checking tokio-reactor v0.1.12
[INFO] [stderr]     Checking romio v0.3.0-alpha.10
[INFO] [stderr]     Checking ahash v0.2.18
[INFO] [stderr]     Checking unsigned-varint v0.2.3
[INFO] [stderr]     Checking tokio-fs v0.1.7
[INFO] [stderr]     Checking ctrlc v3.1.6
[INFO] [stderr]    Compiling vergen v3.1.0
[INFO] [stderr]     Checking wasmi v0.5.1
[INFO] [stderr]     Checking once_cell v0.1.8
[INFO] [stderr]     Checking exit-future v0.1.4
[INFO] [stderr]     Checking libsecp256k1 v0.3.5
[INFO] [stderr]     Checking fixed-hash v0.5.2
[INFO] [stderr]     Checking twox-hash v1.5.0
[INFO] [stderr]     Checking parity-multihash v0.2.3
[INFO] [stderr]     Checking yamux v0.2.2
[INFO] [stderr]     Checking ws v0.9.1
[INFO] [stderr]     Checking multistream-select v0.6.1
[INFO] [stderr]     Checking parity-multihash v0.1.3
[INFO] [stderr]     Checking tokio-udp v0.1.6
[INFO] [stderr]     Checking tokio-tcp v0.1.4
[INFO] [stderr]     Checking tokio-uds v0.2.7
[INFO] [stderr]     Checking runtime-native v0.3.0-alpha.6
[INFO] [stderr]     Checking http-body v0.1.0
[INFO] [stderr]     Checking h2 v0.1.26
[INFO] [stderr]     Checking tokio v0.1.22
[INFO] [stderr]     Checking flate2 v1.0.17
[INFO] [stderr]     Checking trie-db v0.15.2
[INFO] [stderr]     Checking tokio-dns-unofficial v0.4.0
[INFO] [stderr]    Compiling origin-substrate-runtime v2.0.0 (/opt/rustwide/workdir)
[INFO] [stderr]    Compiling libp2p-core-derive v0.13.0
[INFO] [stderr]    Compiling strum_macros v0.15.0
[INFO] [stderr]    Compiling slog_derive v0.1.1
[INFO] [stderr]     Checking soketto v0.2.3
[INFO] [stderr]    Compiling curve25519-dalek v1.2.4
[INFO] [stderr]    Compiling derive_more v0.15.0
[INFO] [stderr]    Compiling synstructure v0.12.4
[INFO] [stderr]    Compiling wasm-bindgen-backend v0.2.68
[INFO] [stderr]     Checking webpki v0.21.3
[INFO] [stderr]     Checking sct v0.6.0
[INFO] [stderr]     Checking ct-logs v0.6.0
[INFO] [stderr]     Checking rustls v0.16.0
[INFO] [stderr]     Checking webpki-roots v0.18.0
[INFO] [stderr]     Checking webpki-roots v0.17.0
[INFO] [stderr]    Compiling wasm-bindgen-macro-support v0.2.68
[INFO] [stderr]     Checking x25519-dalek v0.5.2
[INFO] [stderr]    Compiling zeroize_derive v1.0.0
[INFO] [stderr]    Compiling substrate-debug-derive v2.0.0 (https://github.com/paritytech/substrate.git?rev=d2c4b0dbd89d9588adcbe97320e27f49ee251411#d2c4b0db)
[INFO] [stderr]    Compiling impl-trait-for-tuples v0.1.3
[INFO] [stderr]    Compiling malloc_size_of_derive v0.1.1
[INFO] [stderr]    Compiling asn1_der_derive v0.1.2
[INFO] [stderr]    Compiling wasm-bindgen-macro v0.2.68
[INFO] [stderr]    Compiling srml-support-procedural-tools-derive v2.0.0 (https://github.com/paritytech/substrate.git?rev=d2c4b0dbd89d9588adcbe97320e27f49ee251411#d2c4b0db)
[INFO] [stderr]    Compiling futures-macro v0.3.5
[INFO] [stderr]    Compiling structopt-derive v0.4.10
[INFO] [stderr]    Compiling runtime-attributes v0.3.0-alpha.6
[INFO] [stderr]     Checking tokio-rustls v0.10.3
[INFO] [stderr]     Checking hyper-rustls v0.17.1
[INFO] [stderr]     Checking asn1_der v0.6.3
[INFO] [stderr]     Checking zeroize v1.1.0
[INFO] [stderr]     Checking parity-util-mem v0.2.1
[INFO] [stderr]     Checking merlin v1.3.0
[INFO] [stderr]     Checking curve25519-dalek v3.0.0
[INFO] [stderr]     Checking memory-db v0.15.3
[INFO] [stderr]     Checking failure v0.1.8
[INFO] [stderr]     Checking schnorrkel v0.8.5
[INFO] [stderr]     Checking tiny-bip39 v0.6.2
[INFO] [stderr]     Checking ed25519-dalek v0.9.1
[INFO] [stderr]    Compiling which v2.0.1
[INFO] [stderr]     Checking js-sys v0.3.45
[INFO] [stderr]     Checking structopt v0.3.17
[INFO] [stderr]     Checking substrate-bip39 v0.3.1
[INFO] [stderr]     Checking pin-project v0.4.23
[INFO] [stderr]     Checking futures-util v0.3.5
[INFO] [stderr]     Checking runtime v0.3.0-alpha.8
[INFO] [stderr]     Checking substrate-wasm-interface v2.0.0 (https://github.com/paritytech/substrate.git?rev=d2c4b0dbd89d9588adcbe97320e27f49ee251411#d2c4b0db)
[INFO] [stderr]     Checking wasm-bindgen-futures v0.3.27
[INFO] [stderr]     Checking futures-executor v0.3.5
[INFO] [stderr]     Checking futures v0.3.5
[INFO] [stderr]    Compiling librocksdb-sys v5.18.3
[INFO] [stderr]     Checking impl-serde v0.2.3
[INFO] [stderr]     Checking impl-serde v0.3.1
[INFO] [stderr]     Checking ed25519-dalek v1.0.0
[INFO] [stderr]     Checking parity-multiaddr v0.6.0
[INFO] [stderr]     Checking erased-serde v0.3.12
[INFO] [stderr]     Checking parity-multiaddr v0.5.0
[INFO] [stderr]     Checking substrate-primitives-storage v2.0.0 (https://github.com/paritytech/substrate.git?rev=d2c4b0dbd89d9588adcbe97320e27f49ee251411#d2c4b0db)
[INFO] [stderr]     Checking libp2p-core v0.13.2
[INFO] [stderr]    Compiling toml v0.5.6
[INFO] [stderr]     Checking slog-async v2.3.0 (https://github.com/paritytech/slog-async#0329dc74)
[INFO] [stderr]     Checking slog-scope v4.3.0
[INFO] [stderr]     Checking slog-json v2.3.0
[INFO] [stderr]     Checking substrate-serializer v2.0.0 (https://github.com/paritytech/substrate.git?rev=d2c4b0dbd89d9588adcbe97320e27f49ee251411#d2c4b0db)
[INFO] [stderr]     Checking jsonrpc-core v14.2.0
[INFO] [stdout] error[E0599]: no method named `sign` found for struct `ed25519_dalek::Keypair` in the current scope
[INFO] [stdout]   --> /opt/rustwide/cargo-home/registry/src/github.com-1ecc6299db9ec823/libp2p-core-0.13.2/src/identity/ed25519.rs:56:16
[INFO] [stdout]    |
[INFO] [stdout] 56 |         self.0.sign(msg).to_bytes().to_vec()
[INFO] [stdout]    |                ^^^^ method not found in `ed25519_dalek::Keypair`
[INFO] [stdout]    |
[INFO] [stdout]    = help: items from traits can only be used if the trait is in scope
[INFO] [stdout]    = note: the following trait is implemented but not in scope; perhaps add a `use` for it:
[INFO] [stdout]            `use ed25519_dalek::Signer;`
[INFO] [stdout] 
[INFO] [stdout] 
[INFO] [stdout] error[E0599]: no function or associated item named `from_bytes` found for struct `ed25519_dalek::Signature` in the current scope
[INFO] [stdout]    --> /opt/rustwide/cargo-home/registry/src/github.com-1ecc6299db9ec823/libp2p-core-0.13.2/src/identity/ed25519.rs:111:29
[INFO] [stdout]     |
[INFO] [stdout] 111 |         ed25519::Signature::from_bytes(sig).and_then(|s| self.0.verify(msg, &s)).is_ok()
[INFO] [stdout]     |                             ^^^^^^^^^^
[INFO] [stdout]     |                             |
[INFO] [stdout]     |                             function or associated item not found in `ed25519_dalek::Signature`
[INFO] [stdout]     |                             help: there is an associated function with a similar name: `to_bytes`
[INFO] [stdout]     |
[INFO] [stdout]     = help: items from traits can only be used if the trait is in scope
[INFO] [stdout]     = note: the following trait is implemented but not in scope; perhaps add a `use` for it:
[INFO] [stdout]             `use ed25519_dalek::ed25519::signature::Signature;`
[INFO] [stdout] 
[INFO] [stdout] 
[INFO] [stdout] error[E0599]: no method named `verify` found for struct `ed25519_dalek::PublicKey` in the current scope
[INFO] [stdout]    --> /opt/rustwide/cargo-home/registry/src/github.com-1ecc6299db9ec823/libp2p-core-0.13.2/src/identity/ed25519.rs:111:65
[INFO] [stdout]     |
[INFO] [stdout] 111 |         ed25519::Signature::from_bytes(sig).and_then(|s| self.0.verify(msg, &s)).is_ok()
[INFO] [stdout]     |                                                                 ^^^^^^ method not found in `ed25519_dalek::PublicKey`
[INFO] [stdout]     |
[INFO] [stdout]     = help: items from traits can only be used if the trait is in scope
[INFO] [stdout]     = note: the following trait is implemented but not in scope; perhaps add a `use` for it:
[INFO] [stdout]             `use ed25519_dalek::Verifier;`
[INFO] [stdout] 
[INFO] [stdout] 
[INFO] [stdout] error: aborting due to 3 previous errors
[INFO] [stdout] 
[INFO] [stdout] 
[INFO] [stdout] For more information about this error, try `rustc --explain E0599`.
[INFO] [stdout] 
[INFO] [stderr] error: could not compile `libp2p-core`.
[INFO] [stderr] 
[INFO] [stderr] To learn more, run the command again with --verbose.
[INFO] [stderr] warning: build failed, waiting for other jobs to finish...
[INFO] [stderr] error: build failed
[INFO] running `Command { std: "docker" "inspect" "a2c7276577b55466ea19d11f6541668acfaa5eff65fd35e43b8209b34eea125e", kill_on_drop: false }`
[INFO] running `Command { std: "docker" "rm" "-f" "a2c7276577b55466ea19d11f6541668acfaa5eff65fd35e43b8209b34eea125e", kill_on_drop: false }`
[INFO] [stdout] a2c7276577b55466ea19d11f6541668acfaa5eff65fd35e43b8209b34eea125e
